{"id":1245,"date":"2023-12-02T09:32:06","date_gmt":"2023-12-02T08:32:06","guid":{"rendered":"https:\/\/pascalhequet.fr\/?page_id=1245"},"modified":"2023-12-02T12:04:23","modified_gmt":"2023-12-02T11:04:23","slug":"conseils-nutrition-sport-beaute","status":"publish","type":"page","link":"https:\/\/pascalhequet.fr\/?page_id=1245","title":{"rendered":"Nutrition, sport, beaut\u00e9"},"content":{"rendered":"\n<div class=\"wp-block-columns is-layout-flex wp-container-core-columns-is-layout-9d6595d7 wp-block-columns-is-layout-flex\">\n<div class=\"wp-block-column is-layout-flow wp-block-column-is-layout-flow\">\n<p>Bonjour \u00e0 tous, <\/p>\n\n\n\n<p>je m\u2019appelle Pascal Hequet et je suis distributeur ind\u00e9pendant(e) de PM International, une entreprise leader dans le domaine de la sant\u00e9, du bien-\u00eatre et de la beaut\u00e9.<\/p>\n\n\n\n<p>PM International propose une gamme de produits innovants et efficaces, bas\u00e9s sur la science et la nature, pour vous aider \u00e0 am\u00e9liorer votre forme physique, votre vitalit\u00e9, votre beaut\u00e9 et votre qualit\u00e9 de vie. Que vous cherchiez \u00e0 perdre du poids, \u00e0 renforcer votre syst\u00e8me immunitaire, \u00e0 prendre soin de votre peau ou \u00e0 optimiser vos performances sportives, vous trouverez chez PM International le produit qui vous convient.<\/p>\n\n\n\n<p>PM International offre \u00e9galement une opportunit\u00e9 professionnelle unique, qui vous permet de cr\u00e9er votre propre activit\u00e9, \u00e0 votre rythme et selon vos objectifs. Vous b\u00e9n\u00e9ficiez d\u2019un plan de r\u00e9mun\u00e9ration attractif, d\u2019un accompagnement personnalis\u00e9, d\u2019une formation continue et d\u2019une reconnaissance de vos efforts. Vous pouvez travailler depuis chez vous, \u00e0 temps partiel ou \u00e0 temps plein, et profiter d\u2019une libert\u00e9 financi\u00e8re et d\u2019un \u00e9quilibre entre vie professionnelle et vie personnelle.<\/p>\n<\/div>\n\n\n\n<div class=\"wp-block-column is-layout-flow wp-block-column-is-layout-flow\">\n<figure class=\"wp-block-image size-large\"><img fetchpriority=\"high\"  alt=\"\" class=\"wp-image-1246 lws-optimize-lazyload\"\/ width=\"768\" height=\"1024\" data-src=\"https:\/\/pascalhequet.fr\/wp-content\/uploads\/2023\/12\/image00000011-1-768x1024.jpg\" srcset=\"https:\/\/pascalhequet.fr\/wp-content\/uploads\/2023\/12\/image00000011-1-768x1024.jpg 768w, https:\/\/pascalhequet.fr\/wp-content\/uploads\/2023\/12\/image00000011-1-225x300.jpg 225w, https:\/\/pascalhequet.fr\/wp-content\/uploads\/2023\/12\/image00000011-1-1152x1536.jpg 1152w, https:\/\/pascalhequet.fr\/wp-content\/uploads\/2023\/12\/image00000011-1-600x800.jpg 600w, https:\/\/pascalhequet.fr\/wp-content\/uploads\/2023\/12\/image00000011-1.jpg 1440w\" sizes=\"(max-width: 768px) 100vw, 768px\" \/><\/figure>\n<\/div>\n<\/div>\n\n\n\n<div class=\"wp-block-uagb-call-to-action uagb-block-ea7ef12d\"><div class=\"uagb-cta__wrap\"><h3 class=\"uagb-cta__title\">Appel \u00e0 l\u2019action<\/h3><p class=\"uagb-cta__desc\">Si vous \u00eates int\u00e9ress\u00e9(e) par les produits, les services ou l\u2019opportunit\u00e9 professionnelle de PM International, n\u2019h\u00e9sitez pas \u00e0 me contacter en message priv\u00e9 ou \u00e0 visiter mon site <\/p><\/div><div class=\"uagb-cta__buttons\"><a href=\"https:\/\/www.pm-international.com\/fr\/fr\/?TP=40333859\" class=\"uagb-cta__button-link-wrapper\" target=\"_blank\" rel=\"noopener noreferrer\">D\u00e9couvrir PM International<svg xmlns=\"https:\/\/www.w3.org\/2000\/svg\" viewBox=\"0 0 512 512\"><path d=\"M504.3 273.6l-112.1 104c-6.992 6.484-17.18 8.218-25.94 4.406c-8.758-3.812-14.42-12.45-14.42-21.1L351.9 288H32C14.33 288 .0002 273.7 .0002 255.1S14.33 224 32 224h319.9l0-72c0-9.547 5.66-18.19 14.42-22c8.754-3.809 18.95-2.075 25.94 4.41l112.1 104C514.6 247.9 514.6 264.1 504.3 273.6z\"><\/path><\/svg><\/a><\/div><\/div>\n\n\n\n<p>Je me ferai un plaisir de r\u00e9pondre \u00e0 vos questions et de vous faire d\u00e9couvrir les avantages de PM International.<\/p>\n","protected":false},"excerpt":{"rendered":"<p>Bonjour \u00e0 tous, je m\u2019appelle Pascal Hequet et je suis distributeur ind\u00e9pendant(e) de PM International, une entreprise leader dans le domaine de la sant\u00e9, du bien-\u00eatre et de la beaut\u00e9. PM International propose une gamme de produits innovants et efficaces, bas\u00e9s sur la science et la nature, pour vous aider \u00e0 am\u00e9liorer votre forme physique, [&hellip;]<\/p>\n","protected":false},"author":1,"featured_media":0,"parent":0,"menu_order":0,"comment_status":"closed","ping_status":"closed","template":"elementor_theme","meta":{"_uag_custom_page_level_css":"","ocean_post_layout":"","ocean_both_sidebars_style":"","ocean_both_sidebars_content_width":0,"ocean_both_sidebars_sidebars_width":0,"ocean_sidebar":"","ocean_second_sidebar":"","ocean_disable_margins":"enable","ocean_add_body_class":"","ocean_shortcode_before_top_bar":"","ocean_shortcode_after_top_bar":"","ocean_shortcode_before_header":"","ocean_shortcode_after_header":"","ocean_has_shortcode":"","ocean_shortcode_after_title":"","ocean_shortcode_before_footer_widgets":"","ocean_shortcode_after_footer_widgets":"","ocean_shortcode_before_footer_bottom":"","ocean_shortcode_after_footer_bottom":"","ocean_display_top_bar":"default","ocean_display_header":"default","ocean_header_style":"","ocean_center_header_left_menu":"","ocean_custom_header_template":"","ocean_custom_logo":0,"ocean_custom_retina_logo":0,"ocean_custom_logo_max_width":0,"ocean_custom_logo_tablet_max_width":0,"ocean_custom_logo_mobile_max_width":0,"ocean_custom_logo_max_height":0,"ocean_custom_logo_tablet_max_height":0,"ocean_custom_logo_mobile_max_height":0,"ocean_header_custom_menu":"","ocean_menu_typo_font_family":"","ocean_menu_typo_font_subset":"","ocean_menu_typo_font_size":0,"ocean_menu_typo_font_size_tablet":0,"ocean_menu_typo_font_size_mobile":0,"ocean_menu_typo_font_size_unit":"px","ocean_menu_typo_font_weight":"","ocean_menu_typo_font_weight_tablet":"","ocean_menu_typo_font_weight_mobile":"","ocean_menu_typo_transform":"","ocean_menu_typo_transform_tablet":"","ocean_menu_typo_transform_mobile":"","ocean_menu_typo_line_height":0,"ocean_menu_typo_line_height_tablet":0,"ocean_menu_typo_line_height_mobile":0,"ocean_menu_typo_line_height_unit":"","ocean_menu_typo_spacing":0,"ocean_menu_typo_spacing_tablet":0,"ocean_menu_typo_spacing_mobile":0,"ocean_menu_typo_spacing_unit":"","ocean_menu_link_color":"","ocean_menu_link_color_hover":"","ocean_menu_link_color_active":"","ocean_menu_link_background":"","ocean_menu_link_hover_background":"","ocean_menu_link_active_background":"","ocean_menu_social_links_bg":"","ocean_menu_social_hover_links_bg":"","ocean_menu_social_links_color":"","ocean_menu_social_hover_links_color":"","ocean_disable_title":"default","ocean_disable_heading":"default","ocean_post_title":"","ocean_post_subheading":"","ocean_post_title_style":"","ocean_post_title_background_color":"","ocean_post_title_background":0,"ocean_post_title_bg_image_position":"","ocean_post_title_bg_image_attachment":"","ocean_post_title_bg_image_repeat":"","ocean_post_title_bg_image_size":"","ocean_post_title_height":0,"ocean_post_title_bg_overlay":0.5,"ocean_post_title_bg_overlay_color":"","ocean_disable_breadcrumbs":"default","ocean_breadcrumbs_color":"","ocean_breadcrumbs_separator_color":"","ocean_breadcrumbs_links_color":"","ocean_breadcrumbs_links_hover_color":"","ocean_display_footer_widgets":"default","ocean_display_footer_bottom":"default","ocean_custom_footer_template":"","footnotes":""},"class_list":["post-1245","page","type-page","status-publish","hentry","entry","owp-thumbs-layout-horizontal","owp-btn-normal","owp-tabs-layout-horizontal","has-no-thumbnails","has-product-nav"],"uagb_featured_image_src":{"full":false,"thumbnail":false,"medium":false,"medium_large":false,"large":false,"1536x1536":false,"2048x2048":false,"ocean-thumb-m":false,"ocean-thumb-ml":false,"ocean-thumb-l":false,"mailpoet_newsletter_max":false,"woocommerce_thumbnail":false,"woocommerce_single":false,"woocommerce_gallery_thumbnail":false},"uagb_author_info":{"display_name":"admin","author_link":"https:\/\/pascalhequet.fr\/?author=1"},"uagb_comment_info":0,"uagb_excerpt":"Bonjour \u00e0 tous, je m\u2019appelle Pascal Hequet et je suis distributeur ind\u00e9pendant(e) de PM International, une entreprise leader dans le domaine de la sant\u00e9, du bien-\u00eatre et de la beaut\u00e9. PM International propose une gamme de produits innovants et efficaces, bas\u00e9s sur la science et la nature, pour vous aider \u00e0 am\u00e9liorer votre forme physique,\u2026","jetpack_sharing_enabled":true,"_links":{"self":[{"href":"https:\/\/pascalhequet.fr\/index.php?rest_route=\/wp\/v2\/pages\/1245","targetHints":{"allow":["GET"]}}],"collection":[{"href":"https:\/\/pascalhequet.fr\/index.php?rest_route=\/wp\/v2\/pages"}],"about":[{"href":"https:\/\/pascalhequet.fr\/index.php?rest_route=\/wp\/v2\/types\/page"}],"author":[{"embeddable":true,"href":"https:\/\/pascalhequet.fr\/index.php?rest_route=\/wp\/v2\/users\/1"}],"replies":[{"embeddable":true,"href":"https:\/\/pascalhequet.fr\/index.php?rest_route=%2Fwp%2Fv2%2Fcomments&post=1245"}],"version-history":[{"count":0,"href":"https:\/\/pascalhequet.fr\/index.php?rest_route=\/wp\/v2\/pages\/1245\/revisions"}],"wp:attachment":[{"href":"https:\/\/pascalhequet.fr\/index.php?rest_route=%2Fwp%2Fv2%2Fmedia&parent=1245"}],"curies":[{"name":"wp","href":"https:\/\/api.w.org\/{rel}","templated":true}]}}